 the remainder when 18887 is divided by 932?
247
What is the remainder when 19861 is divided by 1527?
10
What is the remainder when 1846192 is divided by 139?
133
Calculate the remainder when 741423 is divided by 311.
310
What is the remainder when 205616 is divided by 1977?
8
What is the remainder when 1037 is divided by 169?
23
What is the remainder when 4768 is divided by 15?
13
Calculate the remainder when 1249 is divided by 1200.
49
Calculate the remainder when 87403 is divided by 26.
17
What is the remainder when 12208 is divided by 1183?
378
Calculate the remainder when 1443 is divided by 57.
18
What is the remainder when 5412 is divided by 137?
69
Calculate the remainder when 12882 is divided by 980.
142
Calculate the remainder when 19272 is divided by 18.
12
What is the remainder when 78466 is divided by 831?
352
Calculate the remainder when 2666 is divided by 457.
381
What is the remainder when 30792 is divided by 550?
542
What is the remainder when 7350 is divided by 245?
0
Calculate the remainder when 35275 is divided by 315.
310
Calculate the remainder when 137044 is divided by 24.
4
What is the remainder when 3500 is divided by 513?
422
Calculate the remainder when 380706 is divided by 77.
18
What is the remainder when 2173 is divided by 166?
15
Calculate the remainder when 27365 is divided by 13678.
9
Calculate the remainder when 238242 is divided by 29780.
2
Calculate the remainder when 164474 is divided by 41118.
2
What is the remainder when 3703 is divided by 127?
20
Calculate the remainder when 25773 is divided by 9.
6
Calculate the remainder when 1478 is divided by 1458.
20
Calculate the remainder when 66052 is divided by 384.
4
What is the remainder when 301888 is divided by 87?
85
Calculate the remainder when 201574 is divided by 104.
22
What is the remainder when 1305 is divided by 98?
31
Calculate the remainder when 68421 is divided by 23.
19
Calculate the remainder when 27851 is divided by 1454.
225
What is the remainder when 659 is divided by 323?
13
What is the remainder when 216027 is divided by 2?
1
What is the remainder when 994 is divided by 193?
29
Calculate the remainder when 9096 is divided by 75.
21
Calculate the remainder when 89742 is divided by 8156.
26
Calculate the remainder when 15705 is divided by 44.
41
What is the remainder when 2828 is divided by 265?
178
What is the remainder when 165691 is divided by 39?
19
Calculate the remainder when 169209 is divided by 169200.
9
What is the remainder when 13001 is divided by 59?
21
Calculate the remainder when 782 is divided by 759.
23
Calculate the remainder when 141047 is divided by 6407.
93
Calculate the remainder when 151586 is divided by 23.
16
Calculate the remainder when 50685 is divided by 298.
25
Calculate the remainder when 1436498 is divided by 442.
440
Calculate the remainder when 2432 is divided by 795.
47
Calculate the remainder when 544438 is divided by 49.
48
Calculate the remainder when 95386 is divided by 10.
6
Calculate the remainder when 30914 is divided by 1198.
964
What is the remainder when 47297 is divided by 1007?
975
What is the remainder when 2033247 is divided by 17?
13
What is the remainder when 9781 is divided by 336?
37
What is the remainder when 13700 is divided by 6773?
154
What is the remainder when 38297 is divided by 10?
7
What is the remainder when 294359 is divided by 521?
515
What is the remainder when 10592 is divided by 84?
8
Calculate the remainder when 3658979 is divided by 38.
35
Calculate the remainder when 137602 is divided by 668.
662
What is the remainder when 12259 is divided by 3669?
1252
Calculate the remainder when 274682 is divided by 61.
60
What is the remainder when 8276 is divided by 285?
11
What is the remainder when 23011 is divided by 377?
14
What is the remainder when 6911 is divided by 2303?
2
Calculate the remainder when 14316 is divided by 24.
12
Calculate the remainder when 70521 is divided by 155.
151
Calculate the remainder when 3628 is divided by 360.
28
Calculate the remainder when 2902 is divided by 1436.
30
Calculate the remainder when 29498 is divided by 33.
29
What is the remainder when 86713 is divided by 1885?
3
What is the remainder when 361390 is divided by 260?
250
Calculate the remainder when 997216 is divided by 1123.
1115
Calculate the remainder when 9240 is divided by 215.
210
What is the remainder when 152755 is divided by 402?
397
What is the remainder when 149619 is divided by 5?
4
Calculate the remainder when 9868 is divided by 1108.
1004
What is the remainder when 1821842 is divided by 333?
332
Calculate the remainder when 17515 is divided by 365.
360
What is the remainder when 22866 is divided by 5622?
378
What is the remainder when 1699 is divided by 209?
27
Calculate the remainder when 99668 is divided by 226.
2
What is the remainder when 1236 is divided by 107?
59
Calculate the remainder when 1179 is divided by 29.
19
What is the remainder when 13681 is divided by 2272?
49
Calculate the remainder when 93051 is divided by 5169.
9
Calculate the remainder when 196271 is divided by 116.
115
What is the remainder when 1225 is divided by 365?
130
Calculate the remainder when 976130 is divided by 1305.
1295
Calculate the remainder when 22781 is divided by 210.
101
Calculate the remainder when 502 is divided by 81.
16
Calculate the remainder when 134440 is divided by 1977.
4
What is the remainder when 2002 is divided by 133?
7
What is the remainder when 675 is divided by 157?
47
What is the remainder when 196977 is divided by 49?
46
What is the remainder when 7685 is divided by 53?
0
Calculate the remainder when 996522 is divided by 3344.
10
Calculate the remainder when 39098 is divided by 215.
183
What is the remainder when 68811 is divided by 16?
11
Calculate the remainder when 166272 is divided by 15.
12
What is the remainder when 3154 is divided by 527?
519
Calculate the remainder when 36335 is divided by 7.
5
What is the remainder when 128688 is divided by 11?
10
Calculate the remainder when 14784 is divided by 1238.
1166
Calculate the remainder when 5603 is divided by 97.
74
Calculate the remainder when 24834 is divided by 8267.
33
What is the remainder when 53907 is divided by 13469?
31
Calculate the remainder when 8582 is divided by 60.
2
Calculate the remainder when 209408 is divided by 27.
23
Calculate the remainder when 693793 is divided by 452.
425
What is the remainder when 29666 is divided by 74?
66
Calculate the remainder when 584931 is divided by 266.
263
What is the remainder when 74845 is divided by 183?
181
Calculate the remainder when 30039 is divided by 14740.
559
What is the remainder when 288752 is divided by 48125?
2
What is the remainder when 128636 is divided by 25727?
1
What is the remainder when 3348 is divided by 601?
343
What is the remainder when 173477 is divided by 1366?
1361
What is the remainder when 234721 is divided by 5216?
1
Calculate the remainder when 13217 is divided by 4081.
974
Calculate the remainder when 269856 is divided by 202.
186
Calculate the remainder when 29896 is divided by 260.
256
Calculate the remainder when 505286 is divided by 922.
30
Calculate the remainder when 117727 is divided by 540.
7
Calculate the remainder when 12701 is divided by 61.
13
Calculate the remainder when 17015 is divided by 218.
11
Calculate the remainder when 159336 is divided by 310.
306
What is the remainder when 520992 is divided by 7?
3
What is the remainder when 9213 is divided by 4597?
19
Calculate the remainder when 128872 is divided by 4602.
16
What is the remainder when 152562 is divided by 22?
14
What is the remainder when 69841 is divided by 431?
19
Calculate the remainder when 1850 is divided by 31.
21
Calculate the remainder when 103856 is divided by 25961.
12
Calculate the remainder when 1132 is divided by 213.
67
Calculate the remainder when 34748 is divided by 1931.
1921
What is the remainder when 10465 is divided by 2602?
57
Calculate the remainder when 385 is divided by 22.
11
Calculate the remainder when 1819 is divided by 149.
31
What is the remainder when 5863994 is divided by 405?
404
Calculate the remainder when 20378 is divided by 6770.
68
Calculate the remainder when 1517 is divided by 316.
253
What is the remainder when 